{"id":374,"date":"2016-02-08T11:34:20","date_gmt":"2016-02-08T10:34:20","guid":{"rendered":"http:\/\/frauenhaus-celle.de\/?page_id=374"},"modified":"2024-10-30T13:06:59","modified_gmt":"2024-10-30T12:06:59","slug":"mitglied-werden","status":"publish","type":"page","link":"https:\/\/frauenhaus-celle.de\/?page_id=374","title":{"rendered":"Der Verein"},"content":{"rendered":"\n<p><\/p>\n\n\n\n<div class=\"is-layout-flow wp-block-group\"><div class=\"wp-block-group__inner-container\">\n<h5 class=\"has-text-color\" style=\"color:#800060\">Wer wir sind<\/h5>\n\n\n\n<p>Das Frauenhaus Celle e. V. ist ein eingetragener, gemeinn\u00fctziger Verein und bietet seit vielen Jahren kostenlose und professionelle Hilfe f\u00fcr von Gewalt betroffene Frauen und Kinder im Landkreis Celle. Das Schutzhaus ist eine anonyme, vor\u00fcbergehende Wohnm\u00f6glichkeit f\u00fcr Frauen jeder Nationalit\u00e4t mit und ohne Kinder.<\/p>\n<\/div><\/div>\n\n\n\n<p>Im Haus erhalten sie Beratung in ihrer Notsituation, Unterst\u00fctzung bei beh\u00f6rdlichen Angelegenheiten und die Versorgung ihrer Kinder. Hilfe zur Selbsthilfe ist das Motto der qualifizierten Mitarbeiterinnen. F\u00fcr die Fachkr\u00e4fte erh\u00e4lt das Frauenhaus Zusch\u00fcsse vom Land Niedersachsen, dem Landkreis und der Stadt Celle. Dar\u00fcber hinaus werden vom Jobcenter und dem Landkreis Kosten f\u00fcr Miete und Lebensunterhalt \u00fcbernommen. Schutzsuchende Frauen mit Einkommen wird ein Eigenanteil berechnet. Diese Zahlungen reichen nicht aus. Darum war und ist das Frauenhaus immer auch auf Spenden angewiesen.<\/p>\n\n\n\n<p>Der Verein ist als gemeinn\u00fctzig anerkannt. Wir sind parteilich und konfessionell neutral.<\/p>\n\n\n\n<p>Als Mitglied k\u00f6nnen Sie die Arbeit des Frauenhaus e.V. unterst\u00fctzen und sich auch ehrenamtlich einbringen. Wenn Sie sich dazu entscheiden, k\u00f6nnen Sie <a href=\"https:\/\/frauenhaus-celle.de\/wp-content\/uploads\/2020\/02\/2020_Beitrittsrekl\u00e4rung.pdf\">hier eine Beitrittserkl\u00e4rung <\/a>herunterladen, die Sie uns zusenden.<\/p>\n\n\n\n<h5 class=\"has-text-color\" style=\"color:#800060\">Die Vorstandsfrauen<\/h5>\n\n\n\n<div class=\"is-layout-flow wp-block-group\"><div class=\"wp-block-group__inner-container\">\n<div class=\"is-layout-flow wp-block-group\"><div class=\"wp-block-group__inner-container\">\n<figure class=\"is-layout-flex wp-block-gallery-2 wp-block-gallery has-nested-images columns-5 is-cropped\">\n<figure class=\"wp-block-image size-large\"><a href=\"https:\/\/frauenhaus-celle.de\/?attachment_id=609\"><img decoding=\"async\" loading=\"lazy\" width=\"150\" height=\"195\" src=\"https:\/\/frauenhaus-celle.de\/wp-content\/uploads\/2018\/08\/Annette-2-1.jpg\" alt=\"\" class=\"wp-image-609\"\/><\/a><figcaption class=\"wp-element-caption\">Annette von Pogrell<\/figcaption><\/figure>\n\n\n\n<figure class=\"wp-block-image size-large\"><a href=\"https:\/\/frauenhaus-celle.de\/?attachment_id=614\"><img decoding=\"async\" loading=\"lazy\" width=\"150\" height=\"200\" src=\"https:\/\/frauenhaus-celle.de\/wp-content\/uploads\/2018\/08\/Jutta-2.jpg\" alt=\"\" class=\"wp-image-614\"\/><\/a><figcaption class=\"wp-element-caption\">Jutta Krumbach <\/figcaption><\/figure>\n\n\n\n<figure class=\"wp-block-image size-large\"><a href=\"https:\/\/frauenhaus-celle.de\/?attachment_id=612\"><img decoding=\"async\" loading=\"lazy\" width=\"150\" height=\"200\" src=\"https:\/\/frauenhaus-celle.de\/wp-content\/uploads\/2018\/08\/Petra-2.jpg\" alt=\"\" class=\"wp-image-612\"\/><\/a><figcaption class=\"wp-element-caption\">Petra Sellien <\/figcaption><\/figure>\n\n\n\n<figure class=\"wp-block-image size-large\"><a href=\"https:\/\/frauenhaus-celle.de\/?attachment_id=610\"><img decoding=\"async\" loading=\"lazy\" width=\"150\" height=\"200\" src=\"https:\/\/frauenhaus-celle.de\/wp-content\/uploads\/2018\/08\/Elisabeth-2.jpg\" alt=\"\" class=\"wp-image-610\"\/><\/a><figcaption class=\"wp-element-caption\">Elisabeth Bahlke-Dittmer <\/figcaption><\/figure>\n\n\n\n<figure class=\"wp-block-image size-large\"><a href=\"https:\/\/frauenhaus-celle.de\/?attachment_id=1106\"><img decoding=\"async\" loading=\"lazy\" width=\"150\" height=\"197\" src=\"https:\/\/frauenhaus-celle.de\/wp-content\/uploads\/2020\/11\/Dr.-Anne-Katrin-Bobran-e1606736724898.jpg\" alt=\"\" class=\"wp-image-1106\"\/><\/a><figcaption class=\"wp-element-caption\">Dr. Anne-Katrin Bobran <\/figcaption><\/figure>\n<\/figure>\n<\/div><\/div>\n<\/div><\/div>\n\n\n\n<!--nextpage-->\n\n\n\n<h5 class=\"has-text-color\" style=\"color:#800060\">Wie fing alles an?<\/h5>\n\n\n\n<p>Die Geschichte des Frauenhaus Celle e. V. (Autonomes Frauenhaus) begann im November 1983 durch die Initiative einer Handvoll engagierter Frauen. &nbsp;Ausschlie\u00dflich mit Spenden, geschenkten M\u00f6beln und ehrenamtlichem Einsatz entstand eine Anlaufstelle f\u00fcr geschlagene Frauen \u2013 und sie wurde sofort in Anspruch genommen. Um finanzielle Unterst\u00fctzung mussten die Frauenhaus Aktiven jahrelang k\u00e4mpfen.<\/p>\n\n\n\n<p>Die gesetzlichen Grundlagen haben sich deutlich verbessert. Gewaltschutzgesetz, die Strafbarkeit von Vergewaltigung in der Ehe, der eigenst\u00e4ndige Aufenthaltsstatus von ausl\u00e4ndischen Ehefrauen \u2013 das alles sind Verbesserungen, die das Thema deutlich benennen und klarmachen, dass diese unsere&nbsp; Gesellschaft h\u00e4usliche Gewalt nicht akzeptiert.<\/p>\n\n\n\n<p>Die Finanzierung hat sich verbessert in den zur\u00fcckliegenden Jahrzehnten, obgleich die Schutzeinrichtungen noch immer deutlich unterfinanziert sind und mit der Pflicht zur j\u00e4hrlichen Antragstellung gleichgestellt werden mit Projekten. Projekte sind kurzfristig angelegt, die Frauenh\u00e4user arbeiten seit Jahrzehnten!<br>Die Betreuung von Frauen und Kindern im Frauenhaus ist professioneller \u2013 heute arbeiten nur ausgebildete Fachkr\u00e4fte (2,5) Personalstellen) bei uns.<\/p>\n\n\n\n<div class=\"is-layout-flow wp-block-group\"><div class=\"wp-block-group__inner-container\"><\/div><\/div>\n","protected":false},"excerpt":{"rendered":"<p>Wer wir sind Das Frauenhaus Celle e. V. ist ein eingetragener, gemeinn\u00fctziger Verein und bietet seit vielen Jahren kostenlose und professionelle Hilfe f\u00fcr von Gewalt betroffene Frauen und Kinder im Landkreis Celle. Das Schutzhaus ist eine anonyme, vor\u00fcbergehende Wohnm\u00f6glichkeit f\u00fcr Frauen jeder Nationalit\u00e4t mit und ohne Kinder. Im Haus erhalten sie Beratung in ihrer Notsituation, &hellip; <a href=\"https:\/\/frauenhaus-celle.de\/?page_id=374\" class=\"more-link\"><span class=\"screen-reader-text\">\u201eDer Verein\u201c<\/span> weiterlesen<\/a><\/p>\n","protected":false},"author":1,"featured_media":0,"parent":0,"menu_order":0,"comment_status":"closed","ping_status":"closed","template":"","meta":[],"_links":{"self":[{"href":"https:\/\/frauenhaus-celle.de\/index.php?rest_route=\/wp\/v2\/pages\/374"}],"collection":[{"href":"https:\/\/frauenhaus-celle.de\/index.php?rest_route=\/wp\/v2\/pages"}],"about":[{"href":"https:\/\/frauenhaus-celle.de\/index.php?rest_route=\/wp\/v2\/types\/page"}],"author":[{"embeddable":true,"href":"https:\/\/frauenhaus-celle.de\/index.php?rest_route=\/wp\/v2\/users\/1"}],"replies":[{"embeddable":true,"href":"https:\/\/frauenhaus-celle.de\/index.php?rest_route=%2Fwp%2Fv2%2Fcomments&post=374"}],"version-history":[{"count":39,"href":"https:\/\/frauenhaus-celle.de\/index.php?rest_route=\/wp\/v2\/pages\/374\/revisions"}],"predecessor-version":[{"id":1309,"href":"https:\/\/frauenhaus-celle.de\/index.php?rest_route=\/wp\/v2\/pages\/374\/revisions\/1309"}],"wp:attachment":[{"href":"https:\/\/frauenhaus-celle.de\/index.php?rest_route=%2Fwp%2Fv2%2Fmedia&parent=374"}],"curies":[{"name":"wp","href":"https:\/\/api.w.org\/{rel}","templated":true}]}}