{"id":28,"date":"2012-12-29T15:32:12","date_gmt":"2012-12-29T14:32:12","guid":{"rendered":"http:\/\/frauenhaus-celle.de\/wordpress\/?page_id=28"},"modified":"2024-10-30T13:10:34","modified_gmt":"2024-10-30T12:10:34","slug":"stiftungspende","status":"publish","type":"page","link":"https:\/\/frauenhaus-celle.de\/?page_id=28","title":{"rendered":"Spenden machen&#8230;"},"content":{"rendered":"<h3 style=\"text-align: right;\"><span style=\"color: #ff6600;\">&#8230;zweimal gl\u00fccklich<\/span><\/h3>\n<p class=\"hide-if-no-js\"><span style=\"color: #ff6600;\"><strong>Weshalb eine Stiftung?<\/strong><\/span><br \/>\nZweck der Stiftung ist die Erhaltung und die Unterst\u00fctzung der Arbeit des Frauenhaus\u00a0 Celle. Die Stiftung sichert in erster Linie mittel- und langfristig dessen Existenz.<\/p>\n<p>Die Stiftung wurde 2011 gegr\u00fcndet, um die Arbeit des Frauenhauses Celle und der Beratungsstelle Feroxia aktiv zu unterst\u00fctzen. Wir haben ein gemeinsames Ziel: Aufkl\u00e4rungsarbeit, Hilfe und Beistand leisten auf dem Weg in ein gewaltloses Leben. Dazu geh\u00f6rt auch die F\u00f6rderung von Projekten und Veranstaltungen rund um die Probleme.<\/p>\n<p><span style=\"color: #ff6600;\"><strong>Auf Sie kommt es an!<\/strong><\/span><br \/>\nRufen Sie uns an, wenn Sie mehr \u00fcber die Stiftung und unsere Arbeit erfahren m\u00f6chten. Wir informieren Sie gern.<\/p>\n<p>Spenden k\u00f6nnen Sie auf folgendes Konto \u00fcberweisen:<\/p>\n<p style=\"padding-left: 30px;\"><em>Stiftung Frauenhaus Celle<\/em><br \/>\n<em> IBAN: DE<span style=\"color: #ff6600;\">65 2695 1311<\/span> 0008 0100 50<\/em><br \/>\n<em> BIC: NOLADE21<span style=\"color: #ff6600;\">GFW<\/span><\/em><br \/>\n<em> Sparkasse Celle-<span style=\"color: #ff6600;\">Gifhorn-Wolfsburg<br \/>\nBitte beachten Sie die neue IBAN<br \/>\n<\/span><\/em><\/p>\n<p>Ganz herzlichen Dank,<br \/>\nAmei Wiegel<br \/>\nVorsitzende der Stiftung des Frauenhauses Celle<\/p>\n","protected":false},"excerpt":{"rendered":"<p>&#8230;zweimal gl\u00fccklich Weshalb eine Stiftung? Zweck der Stiftung ist die Erhaltung und die Unterst\u00fctzung der Arbeit des Frauenhaus\u00a0 Celle. Die Stiftung sichert in erster Linie mittel- und langfristig dessen Existenz. Die Stiftung wurde 2011 gegr\u00fcndet, um die Arbeit des Frauenhauses Celle und der Beratungsstelle Feroxia aktiv zu unterst\u00fctzen. Wir haben ein gemeinsames Ziel: Aufkl\u00e4rungsarbeit, Hilfe &hellip; <a href=\"https:\/\/frauenhaus-celle.de\/?page_id=28\" class=\"more-link\"><span class=\"screen-reader-text\">\u201eSpenden machen&#8230;\u201c<\/span> weiterlesen<\/a><\/p>\n","protected":false},"author":1,"featured_media":0,"parent":0,"menu_order":3,"comment_status":"closed","ping_status":"closed","template":"","meta":[],"_links":{"self":[{"href":"https:\/\/frauenhaus-celle.de\/index.php?rest_route=\/wp\/v2\/pages\/28"}],"collection":[{"href":"https:\/\/frauenhaus-celle.de\/index.php?rest_route=\/wp\/v2\/pages"}],"about":[{"href":"https:\/\/frauenhaus-celle.de\/index.php?rest_route=\/wp\/v2\/types\/page"}],"author":[{"embeddable":true,"href":"https:\/\/frauenhaus-celle.de\/index.php?rest_route=\/wp\/v2\/users\/1"}],"replies":[{"embeddable":true,"href":"https:\/\/frauenhaus-celle.de\/index.php?rest_route=%2Fwp%2Fv2%2Fcomments&post=28"}],"version-history":[{"count":33,"href":"https:\/\/frauenhaus-celle.de\/index.php?rest_route=\/wp\/v2\/pages\/28\/revisions"}],"predecessor-version":[{"id":1310,"href":"https:\/\/frauenhaus-celle.de\/index.php?rest_route=\/wp\/v2\/pages\/28\/revisions\/1310"}],"wp:attachment":[{"href":"https:\/\/frauenhaus-celle.de\/index.php?rest_route=%2Fwp%2Fv2%2Fmedia&parent=28"}],"curies":[{"name":"wp","href":"https:\/\/api.w.org\/{rel}","templated":true}]}}